+ (12 + 0 - -9)
79
What is the value of -280 + 349 + (0 - 13) + 24 + -21?
59
-54 + -35 + 104 - (108 - -3)
-96
Calculate -47 + 108 + -32 - 35 - 13.
-19
Calculate (4 + -3 - 0 - 15) + -912 + 868.
-58
Evaluate -23 + ((2 - -2) + (10 - 4) + -9 - 10).
-32
Calculate (45 - -9 - 12) + (-21 - (-6 - 8) - -16).
51
Calculate -11 + (-3 - -4 - -11) + 34.
35
((-8 - (-5 + 6)) + -100 - (60 + -60)) + 6
-103
What is -26 + (14 - (12 + -26) - 18) - 86?
-102
-1 - -13 - (28 + -9 + -41 - 97)
131
What is (11 - (61 + -44)) + -111?
-117
(111 - 2) + -52 + (22 - 0)
79
What is 79 - (-36 - -42) - 15?
58
Calculate 29 + (22 - (57 - (-20 - -35))) - (14 - 1).
-4
What is -8 + (-23 - (-10 + 1) - 23)?
-45
(-5 - 1) + 210 + -83 + -26
95
Evaluate -21 - (19 + -28 + -2 - -19).
-29
Evaluate -107 - (-61 + 4 + -28).
-22
Evaluate 9 + (18 - 13) + (3 - (52 + 7)).
-42
Evaluate 10 - ((-4 - 2 - (1 - 2)) + -4).
19
What is (-9 - ((0 - (-12 + 15)) + 81)) + -3?
-90
Calculate -3 + 14 + 33 + -95.
-51
(21 - (-8 + 13)) + -7 - 23
-14
Calculate (4 - 4) + 7 - (11 + (-25 - -22)).
-1
99 + (123 - 51 - 72)
99
What is the value of -75 + (40 - (-21 + 18) - 21)?
-53
Evaluate (11 - 0) + -239 + 285 - -11.
68
Calculate 6 - 1 - (17 - 4) - -10 - (-1 + 18).
-15
What is 5 + (-19 - (-17 - 14)) + (-29 - 2)?
-14
What is the value of 10 - (13 + 1 + (59 - 134 - 74))?
145
What is (-140 - -144) + (1 - 62) + (1 - (-1 - -4))?
-59
-40 - (-11 + -5 + 68 + -69) - -12
-11
Calculate -2 + 54 - (-95 + 187).
-40
What is the value of -100 - -32 - -56 - -40?
28
What is the value of -38 + 129 + -74 - (0 + 32)?
-15
Calculate -9 - -117 - 102 - (134 - -1 - (4 - 6)).
-131
Calculate (97 - 28) + (-1 - -11) + -68 + 76.
87
Evaluate (31 - 14) + (6 - (-2 + 14)) + -3.
8
Evaluate -22 + -22 + (29 - -14).
-1
Calculate (-1 - -105) + -184 + (504 - 291).
133
Evaluate (-2079 - -2102) + (3 - (-6 - 1 - 1)).
34
What is the value of (11 - 15) + (-15 - -20 - 14)?
-13
What is -15 + (15 + -18 - 2 - -5) - (-7 - 106)?
98
Evaluate -9 + 16 + (-15 - -48) + -21 + -18.
1
-18 + 14 + 11 + -10 + -10 + 1 + 11
-1
Evaluate 104 + -136 - (10 + 19 + -45).
-16
What is the value of (-12 - -17) + (-37 - 21) + -20?
-73
What is the value of 41 + -5 + 1405 + -1355?
86
Calculate -49 - -33 - (15 + -10).
-21
(0 - -14 - (19 + -24)) + (224 - 253)
-10
What is 11 + 37 + -33 - (-56 - -19)?
52
What is 190 + -51 - (226 - 206)?
119
What is 32 + 150 + -122 + (-9 - -2)?
53
What is the value of -73 - ((-75 - -63) + -66)?
5
(4 - 0) + -85 + 198 + -111
6
Calculate 29 + (57 - 101) - -14.
-1
Evaluate -125 + 203 - (96 + 7).
-25
Evaluate (9 + -59 - -8) + (-1 - -1) + -4 + 1.
-45
Evaluate (36 - 14) + -3 + 9 - -111.
139
What is -15 - (14 - (-26 + 115 - 23))?
37
What is 382 - 407 - (0 + -14) - (1 - -2)?
-14
What is the value of -2 - (75 - 89 - (-1 + 0)) - (70 + -1)?
-58
Calculate (22 + -2 + -25 - 15 - 83) + 9.
-94
Calculate (-33 - -18 - -7) + (103 - 2) + -2 + -5.
86
16 + (-44 - (46 - 41))
-33
What is the value of ((-11 - -7) + -7 - (0 + -5 - 2)) + 29?
25
What is the value of 0 + (-8 - -2 - -6) + -17 + -2?
-19
What is the value of 31 + (-20 - (0 - 1 - 104))?
116
Evaluate 1 - (6 - ((65 - 77) + (4 - (3 - 20)))).
4
Evaluate 56 + -19 + 7 - (-214 + 214).
44
Evaluate (-15 - 23) + 20 + 24 + -15 - 78.
-87
-223 + 215 + 12 + (0 + 1 - (0 + 4))
1
Calculate (-188 - -241) + (58 - 6).
105
Evaluate -7 + 2 - 21 - (27 - 16) - (-20 - -23).
-40
What is -2 + 11 + (-2 - -4) + (82 - 55)?
38
Calculate (-17 - -64 - -80) + (4 - 14 - (1 - 1)).
117
Evaluate -5 + (88 - 73) + -19.
-9
What is the value of -8 - ((-13 - (4 + -9 - (38 + 11))) + -1)?
-48
What is the value of (-1 - 0) + (-168 - -67) + 30?
-72
What is the value of (39 - 37) + -18 + 0 + 1 + (-61 - -35)?
-41
Evaluate -62 + 110 + (-41 - -7).
14
Evaluate (1 - 62 - (645 + -648)) + 17.
-41
Evaluate 30 + (-8 - (20 - (16 - -18))).
36
(1 - (1 - (5 + 0 - 2))) + (-248 - -249)
4
What is the value of 3 + -2 - (-39 + 120 + -46)?
-34
Calculate (-20 - -9 - 0) + (-76 - -82).
-5
39 - (-20 - (-76 - -48))
31
Evaluate 33 + -17 + -10 + -37.
-31
Calculate -53 + 11 + (-10 - (-23 - (3 - 2))).
-28
12 - (35 - 22) - -52 - (-22 + 0 + 9)
64
What is the value of (2 - -8) + -9 + -9 + 5 + 3 + 84?
84
What is 11 + (12 - (-13 - -22 - -21)) + (9 - 11)?
-9
What is 2 + 7 - (0 - (-38 - -22))?
-7
0 - 1 - 8 - (-67 - (-6 - -18 - 52))
18
What is the value of (-3 - 1) + 13 + (71 - 36)?
44
Calculate ((-14 - -11) + 9 + -7 - -9) + -5.
3
-3 + 9 + (20 - (-16 + 33)) + -16
-7
27 + 11 + -11 + -6 - 64
-43
What is (10 + (-36 - -11) - -16) + 86 + -7?
80
What is (54 - 43) + (-20 - -26)?
17
Evaluate 52 - (-29 + -3 + 43).
41
What is the value of -9 - (1 + -19 + 32 + -35)?
12
Evaluate 15 - (-105 - -110) - (30 - -2).
-22
What is -69 - (9 - 43) - 74?
-109
-21 + (-17 + 10 - (-22 + 12 + -125))
107
1 + (-18 - (3 + 2 + -3 - 3))
-16
What is the value of -2 + (-2 - 0) + (-137 - -144) + (-70 - -12)?
-55
What is the value of (-1 - -30) + (-28 + 8 - -5) + 29?
43
Evaluate 35 + (7 + -136 - -9 - -18).
-67
What is the value of (14 - -3) + (4 - (6 - 5))?
20
-5 - 3 - (-223 - -246)
-31
(-15 - -43) + -67 - -33
-6
Evaluate (57 - 1) + (-21 + -12 - -35 - 15).
43
Calculate -13 + (-17 + 12 - -5) + -2 + -2 + -2.
-19
2 - (-1 + 0) - (-275 + (437 - 109))
-50
Calculate 1 + 3 + 58 + (-6 + 15 - -8) + -5.
74
What is 90 + -70 + 42 + -1 + -13?
48
What is 1 + -16 - ((-6 - -47) + -30)?
-26
-52 - (-2 + (-6 - 1) + -5 + -3 - -3)
-38
Calculate (-4 - (-16 - 0)) + 23 + -40 - 53.
-58
53 - (38 - (35 + -5) - 8)
53
Evaluate -11 + (-15 + 20 - -5) + 28.
27
Evaluate (332 + -280 - (28 - -3)) + 17.
38
(-39 - (6 - 164)) + -22 + 39
136
Calculate 2 + 2 - ((3 - (-6 + 9 + -8)) + 32).
-36
What is the value of 4 + (10 - 18) + (4 - -6) - 9 - -27?
24
Evaluate -169 + 230 + 0 + (-4 + 3 - -2).
62
What is 35 - (-4 - (4 - 44))?
-1
-4 + -70 + -15 + -10 + 51
-48
Evaluate (5 + -3 - -72) + -3 + -38.
33
-14 - (6 + -1 - (-47 + (34 - -7)))
-25
What is the value of 44 - (-8 + -9 + (-12 - -12))?
61
29 - 26 - (7 - (1 - 1) - (198 - 202))
-8
Calculate 1 + -6 + 281 + -258.
18
Evaluate 14 + -51 - -20 - (-20 + 3).
0
What is the value of 41 - (12 - (-17 + 47 - 16))?
43
What is (-93 - -58) + 1 - (-2 - (-2 - (-1 + 11)))?
-44
What is 12 + -2 - (-9 + 2 + -21 + 123 + -17)?
-68
Evaluate 1 + (-2 - 56 - ((7 - -18) + -17 - 1)).
-64
Calculate (-9 - 41 - -11) + 10 + 1.
-28
(-30 - -1) + (58 - (200 + -162))
-9
Evaluate -23 + (55 - 17 - 91).
-76
-58 + (-9 - (53 - 54)) + (-2 - 1 - -25)
-44
Evaluate (-13 - (96 - (-32 + 66))) + 0 + -18.
-93
Evaluate -8 + 58 + -7 + -23.
20
Calculate (44 + -1 - (-292 + 335)) + -2 + 11.
9
Calculate (-340 - -339 - (2 - -11)) + -6 + 1.
-19
Evaluate -10 + (8 - -39 - 38).
-1
Evaluate 8699 - 8557 - (3 - -21).
118
Calculate (-10 - -28 - -15) + -53 + 21.
1
Calculate (15 - 11 - (5 - -1) - -17) + -11 - -56.
60
9 - (27 + -33 + 3 + 44)
-32
(71 - (37 + 30)) + -81
-77
What is (-68 - -118) + -92 + 30?
-12
Calculate -315 + 403 + (-7 - 84).
-3
Calculate 0 + (1 - 16) + 52 + -5.
32
What is -107 - -11 - -7 - (8 + -20 - -6 - 2)?
-81
What is 70 + -65 + -25 - (-2 + 25)?
-43
(17 - (-18 + 24) - 11) + -12 + -1 - -75
62
Calculate -15 - 1 - (-118 + -118 - -144).
76
(-26 - 4) + 766 + -785
-49
Evaluate (108 - 14) + -865 + 811.
40
Evaluate -12 - ((-41 - -32) + (18 - 7)).
-14
-4 + -17 + (-44 - -41) + 37
13
What is the value of 1 + -14 - (7 - 12 - -2) - (1 - -54)?
-65
Evaluate 14 - (47 + (61 - 88)).
-6
What is (-10 - -11) + -6 + 4 + -4 + 8 + -26?
-23
What is the value of -1 + -20 + 13 + -39 + -2 - (1 - 11)?
-39
Calculate -21 + (-1 + 10 - -20 - 73).
-65
2490 + -2494 + 29 + -1 + 2
26
What is the value of -147 + 0 - (-279 + -186 + 424)?
-106
Evaluate -22 - (-29 + -31 + 11 + 20).
7
-7 - (0 + 0 + -1) - (-40 + (388 - 305))
-49
Evaluate -133 + 140 - (2 + 110 + -4 + 2).
-103
219 + -160 - ((-6 - -8) + 15)
42
What is the value of 3 + -2 + -4 - (1 - (-1 - 0)) - 40?
-45
What is the value of (21 - (42 - 9)) + 14 + -2 + -30?
-30
(8 - (20 - (-13 + -11))) + -8
-44
(-19 - -10 - -8) + 79 + -32 + -74
-28
What is the value of (-24 + -2 - (156 - 161)) + -14?
-35
What is the value of (-49 - -4) + (-1 - -26)?
-20
Evaluate 10 + -22 + (-5 - (33 - (-18 - -23))).
-45
What is the value of 2 + 159 + 3 - (28 + -124 + 119)?
141
What is -55 - (-37 - 19) - ((-38 - -1) + -2)?
40
What is the value of -10 - (-6 + -12 + (31 - 11) + -4 + -115)?
107
Calculate (-59 - (2 - 